257.
257
Calculate the highest common factor of 3750 and 327000.
750
Calculate the highest common factor of 83512 and 21681.
803
Calculate the greatest common factor of 43089 and 163413.
813
What is the greatest common divisor of 1030446 and 828?
414
What is the greatest common divisor of 869 and 38962?
11
What is the highest common divisor of 1018596 and 29?
29
What is the highest common factor of 108 and 427?
1
What is the highest common divisor of 2353481 and 673?
673
Calculate the highest common divisor of 25040 and 48800.
80
Calculate the greatest common divisor of 221857 and 305.
61
Calculate the highest common factor of 1630 and 1553716.
326
What is the highest common factor of 3503 and 7471?
31
Calculate the highest common factor of 24 and 105104.
8
Calculate the highest common factor of 361 and 2147.
19
What is the greatest common factor of 221 and 348092?
17
Calculate the highest common divisor of 21338 and 8742.
94
Calculate the greatest common factor of 12890 and 470.
10
What is the greatest common divisor of 1213443 and 1386?
693
Calculate the highest common divisor of 84 and 1284759.
21
Calculate the greatest common factor of 13186 and 2242.
38
What is the greatest common divisor of 1719 and 1487?
1
Calculate the highest common divisor of 5229250 and 25.
25
Calculate the greatest common factor of 8405 and 451.
41
What is the greatest common divisor of 2 and 144504?
2
Calculate the highest common divisor of 276 and 3076.
4
What is the greatest common factor of 104 and 17652648?
104
Calculate the highest common divisor of 530 and 1233575.
265
What is the greatest common divisor of 17861 and 7579?
53
Calculate the greatest common divisor of 16676 and 44.
44
What is the greatest common factor of 69872 and 80?
16
Calculate the highest common factor of 320 and 9080.
40
What is the greatest common factor of 58779 and 45?
9
Calculate the highest common factor of 290114 and 22.
22
What is the greatest common factor of 5328 and 30451?
37
Calculate the greatest common divisor of 280 and 138680.
40
What is the greatest common factor of 1329 and 95245?
443
What is the highest common divisor of 4768 and 366391?
149
Calculate the highest common divisor of 26 and 105027.
13
Calculate the greatest common divisor of 2110504 and 6380.
1276
What is the highest common factor of 344 and 16598?
86
Calculate the greatest common divisor of 499 and 37924.
499
What is the greatest common divisor of 226572 and 239?
239
What is the highest common factor of 196922 and 308?
22
Calculate the greatest common factor of 27597 and 3.
3
Calculate the greatest common divisor of 22992 and 516.
12
Calculate the highest common factor of 9153 and 3277.
113
What is the highest common factor of 9776 and 754?
26
What is the highest common divisor of 245016 and 36?
36
What is the highest common divisor of 14 and 35686?
14
Calculate the greatest common factor of 6 and 132231.
3
Calculate the greatest common factor of 3482834 and 213.
71
Calculate the highest common factor of 882 and 9310.
98
Calculate the highest common divisor of 560 and 85960.
280
Calculate the greatest common divisor of 94626 and 54.
18
What is the highest common divisor of 594 and 36894?
66
Calculate the greatest common divisor of 118 and 384562.
118
Calculate the greatest common divisor of 15179 and 2107.
43
What is the highest common divisor of 63 and 13347?
9
What is the greatest common divisor of 1344 and 3050208?
672
Calculate the greatest common divisor of 208504 and 389.
389
What is the greatest common divisor of 1449 and 93702?
483
Calculate the highest common factor of 817 and 35264.
19
What is the greatest common factor of 239 and 130016?
239
What is the highest common factor of 154 and 40642?
14
Calculate the greatest common divisor of 19134 and 90.
18
What is the greatest common factor of 230 and 6760?
10
What is the highest common divisor of 1690 and 97370?
130
Calculate the greatest common factor of 1628 and 1171346.
814
What is the greatest common divisor of 741 and 342?
57
Calculate the highest common factor of 583151 and 17.
17
Calculate the highest common factor of 60786 and 462.
66
Calculate the greatest common factor of 190464 and 21.
3
Calculate the greatest common divisor of 948277 and 22.
11
Calculate the greatest common divisor of 220 and 27952.
4
Calculate the highest common factor of 4770 and 252280.
530
What is the greatest common divisor of 1474 and 49178?
134
Calculate the greatest common factor of 319163 and 39.
13
Calculate the greatest common factor of 456 and 179664.
456
What is the highest common divisor of 35 and 48605?
5
Calculate the highest common divisor of 111 and 179894.
37
Calculate the highest common factor of 4888 and 116376.
104
What is the greatest common divisor of 90909 and 3213?
189
Calculate the highest common factor of 377451 and 34.
17
What is the greatest common factor of 1252580 and 6224?
1556
What is the highest common divisor of 5224464 and 48?
48
Calculate the highest common divisor of 32 and 125872.
16
Calculate the greatest common divisor of 1617 and 637.
49
What is the greatest common factor of 90678 and 44268?
714
What is the highest common factor of 808731 and 231?
231
Calculate the greatest common factor of 18017 and 2881.
43
Calculate the greatest common factor of 504 and 24752.
56
What is the greatest common factor of 920465 and 578?
289
What is the highest common divisor of 266 and 110306?
14
Calculate the highest common divisor of 1140773 and 556.
139
What is the highest common factor of 312379 and 47519?
779
Calculate the highest common divisor of 7904 and 2717.
247
Calculate the greatest common divisor of 175272 and 12.
12
Calculate the greatest common divisor of 6715 and 1921.
17
Calculate the highest common factor of 8112 and 42096.
48
Calculate the greatest common divisor of 434652 and 812.
116
Calculate the highest common divisor of 621 and 2024.
23
Calculate the highest common factor of 8844883 and 47.
47
What is the greatest common divisor of 4224 and 102?
6
Calculate the greatest common divisor of 4154 and 39153.
31
What is the highest common factor of 435 and 19285?
145
What is the highest common divisor of 108 and 85185?
27
What is the greatest common factor of 131 and 197941?
131
What is the highest common divisor of 262179 and 36?
9
Calculate the highest common factor of 430 and 468700.
430
Calculate the highest common factor of 675653 and 1028.
257
What is the highest common divisor of 4500 and 1140?
60
Calculate the greatest common factor of 1392 and 354.
6
What is the greatest common divisor of 6544 and 976?
16
What is the greatest common factor of 2925 and 660075?
975
Calculate the highest common factor of 787 and 19.
1
What is the highest common divisor of 67625 and 2375?
125
Calculate the highest common divisor of 4 and 670484.
4
Calculate the greatest common factor of 2784 and 13792.
32
What is the highest common factor of 191364 and 111?
111
What is the greatest common divisor of 2035 and 105265?
185
Calculate the highest common factor of 109735 and 170.
85
What is the highest common divisor of 35365 and 44?
11
What is the highest common factor of 2703 and 11289?
159
What is the highest common divisor of 99 and 266233?
11
What is the greatest common divisor of 572725 and 13175?
775
What is the highest common factor of 18568 and 2024?
88
What is the highest common factor of 22 and 146542?
22
Calculate the highest common factor of 33036 and 984.
12
Calculate the highest common factor of 1287 and 88231.
143
What is the greatest common divisor of 22224 and 1272?
24
Calculate the greatest common factor of 8023 and 19241.
71
Calculate the greatest common factor of 10624 and 747.
83
What is the greatest common factor of 50910 and 30?
30
What is the greatest common divisor of 759 and 2287373?
253
Calculate the highest common factor of 627 and 1056.
33
Calculate the greatest common factor of 2556987 and 10803.
831
What is the greatest common divisor of 188944 and 980?
196
Calculate the greatest common divisor of 186591 and 111.
111
What is the highest common factor of 331250 and 2438?
106
Calculate the greatest common divisor of 4664 and 371.
53
What is the greatest common factor of 2812 and 12863?
19
Calculate the greates